base 16.
-539
What is 16b (base 15) in base 5?
2301
-112111022 (base 3) to base 2
-10100101000101
Convert -1300 (base 5) to base 10.
-200
-208 (base 15) to base 4
-13022
What is -12101012 (base 3) in base 11?
-2a44
Convert 11320111 (base 4) to base 5.
1232320
What is -11010001010000 (base 2) in base 7?
-54021
Convert -403 (base 6) to base 4.
-2103
-11212212 (base 4) to base 2
-101100110100110
What is -1000101001011 (base 2) in base 13?
-2027
Convert 1791 (base 12) to base 6.
21101
What is 111010011 (base 3) in base 14?
36b0
Convert d090 (base 14) to base 7.
206240
49672 (base 11) to base 13
26624
What is f8 (base 16) in base 9?
305
What is 1055241 (base 6) in base 2?
1101010000101001
-210202 (base 4) to base 10
-2338
330332 (base 4) to base 10
3902
What is 11322 (base 10) in base 2?
10110000111010
Convert 321222 (base 4) to base 8.
7152
What is 1000110011101 (base 2) in base 9?
6160
What is 100100000001100 (base 2) in base 9?
27263
Convert -116 (base 16) to base 14.
-15c
What is -134d (base 14) in base 6?
-23425
What is 2674 (base 11) in base 15?
1064
Convert -134 (base 9) to base 11.
-a2
16626 (base 8) to base 11
5766
Convert 2223 (base 8) to base 4.
102103
Convert -220 (base 8) to base 3.
-12100
-646 (base 9) to base 7
-1353
Convert -9843 (base 12) to base 2.
-100000101110011
Convert 1638 (base 10) to base 13.
990
-3a1 (base 16) to base 2
-1110100001
405 (base 9) to base 4
11021
-1225 (base 9) to base 14
-494
What is -42b (base 12) in base 8?
-1143
Convert -1172 (base 9) to base 15.
-3d5
Convert 100 (base 4) to base 8.
20
257735 (base 8) to base 7
523421
-4382 (base 10) to base 11
-3324
10211120 (base 3) to base 14
103a
1000010010001 (base 2) to base 16
1091
What is 2c6e (base 15) in base 14?
36a6
44b1 (base 12) to base 14
2ac5
What is -196a (base 11) in base 6?
-15320
-303 (base 11) to base 16
-16e
What is -99 (base 16) in base 3?
-12200
Convert -366 (base 12) to base 16.
-1fe
Convert -210451 (base 6) to base 10.
-17023
-10481 (base 10) to base 16
-28f1
Convert -3013 (base 11) to base 9.
-5442
What is 1002110201 (base 3) in base 4?
11033230
11322030 (base 4) to base 13
b02b
1220111211 (base 3) to base 13
14128
What is 2116 (base 9) in base 6?
11110
Convert 13b2 (base 12) to base 3.
10010222
What is 12000002 (base 3) in base 6?
24515
What is -175c (base 13) in base 7?
-13036
What is 593 (base 10) in base 3?
210222
What is -120 (base 16) in base 8?
-440
-2cc (base 14) to base 4
-20330
5303 (base 6) to base 13
708
9a (base 13) to base 14
91
What is -120023 (base 4) in base 14?
-7c7
-588 (base 13) to base 11
-7a0
-133113 (base 4) to base 5
-31012
What is -2441331 (base 5) in base 10?
-46466
-227 (base 12) to base 11
-270
What is 231 (base 4) in base 14?
33
Convert 12121002 (base 3) to base 16.
fef
What is -22133223 (base 4) in base 7?
-236220
What is -5c5b (base 13) in base 8?
-31441
-12a34 (base 11) to base 16
-4876
What is -1010101101010 (base 2) in base 7?
-21661
What is -1864 (base 10) in base 11?
-1445
What is 83c (base 15) in base 2?
11101000001
What is 2879 (base 10) in base 12?
17bb
Convert 546 (base 8) to base 3.
111021
Convert -28b (base 16) to base 12.
-463
Convert 398 (base 12) to base 7.
1412
Convert -350 (base 10) to base 7.
-1010
What is 13757 (base 10) in base 15?
4122
Convert 39a (base 13) to base 10.
634
What is 133006 (base 8) in base 15?
dc18
What is -17d (base 14) in base 10?
-307
Convert -1143 (base 6) to base 11.
-234
What is 22443 (base 8) in base 12?
5603
Convert -112131 (base 4) to base 5.
-21222
-15624 (base 10) to base 14
-59a0
-282 (base 14) to base 5
-4011
-431420 (base 5) to base 10
-14610
What is 21b0 (base 12) in base 11?
2893
-1402 (base 5) to base 12
-16b
Convert -d346 (base 14) to base 8.
-106742
-12143 (base 8) to base 7
-21134
What is -1111325 (base 6) in base 5?
-3243234
What is 33077 (base 8) in base 13?
6423
Convert 4b3a (base 12) to base 8.
20536
Convert -2d96 (base 16) to base 4.
-2312112
Convert -279 (base 13) to base 2.
-110110110
-3ca0 (base 13) to base 15
-28d4
34304 (base 5) to base 13
116a
Convert 857 (base 11) to base 10.
1030
1315 (base 7) to base 4
13312
What is 501 (base 6) in base 16?
b5
What is -2102 (base 6) in base 12?
-332
What is -15344 (base 12) in base 14?
-ac4c
-118 (base 14) to base 12
-162
73a (base 13) to base 5
14412
What is -176 (base 12) in base 11?
-1a3
3aaa (base 11) to base 12
30b7
-4511 (base 9) to base 8
-6403
-15241 (base 10) to base 11
-104a6
-3010 (base 5) to base 4
-11330
Convert 153100 (base 6) to base 12.
8790
Convert 1a3 (base 16) to base 3.
120112
What is c1 (base 14) in base 5?
1134
Convert 6691 (base 13) to base 12.
834a
-4a8 (base 11) to base 4
-21122
Convert -3823 (base 15) to base 3.
-121101220
Convert 19950 (base 13) to base 2.
1100001100000000
What is -14151 (base 7) in base 9?
-5256
What is -20112111 (base 3) in base 13?
-2227
Convert 24c0 (base 15) to base 14.
2bd4
-520 (base 8) to base 15
-176
What is -12201112 (base 3) in base 16?
-104c
Convert -781 (base 12) to base 9.
-1457
What is -623 (base 14) in base 8?
-2267
Convert 604 (base 13) to base 3.
1101201
What is 212012210 (base 3) in base 7?
100224
756 (base 8) to base 3
200022
What is 58a (base 15) in base 5?
20010
What is 1065 (base 7) in base 12?
286
What is -4c0 (base 15) in base 7?
-3102
What is -561b (base 12) in base 3?
-111001212
-c6 (base 16) to base 11
-170
-709 (base 11) to base 3
-1011201
Convert -145 (base 6) to base 2.
-1000001
What is -11020023 (base 4) in base 13?
-9738
Convert -11010011 (base 2) to base 12.
-157
What is 5214 (base 8) in base 6?
20300
-101132 (base 4) to base 14
-59c
-137d (base 16) to base 4
-1031331
Convert -23310 (base 4) to base 2.
-1011110100
13051 (base 9) to base 4
2021122
381 (base 13) to base 12
430
What is -455 (base 11) in base 7?
-1405
What is 2a (base 11) in base 10?
32
What is 10020212 (base 3) in base 7?
6626
Convert 9654 (base 13) to base 11.
14740
11132312 (base 4) to base 2
101011110110110
What is -339 (base 13) in base 14?
-2b9
4257 (base 9) to base 6
22254
Convert 13215 (base 6) to base 15.
902
What is -10000202 (base 3) in base 15?
-9c2
-213341 (base 5) to base 2
-1110010110010
What is 20121002 (base 4) in base 9?
52128
What is 6ee (base 15) in base 11?
1201
What is 232231 (base 5) in base 15?
277b
What is -1550 (base 10) in base 3?
-2010102
5140 (base 7) to base 4
130000
-1436 (base 7) to base 16
-236
Convert 3320 (base 6) to base 9.
1043
-442511 (base 6) to base 11
-25802
Convert 1100001101001 (base 2) to base 9.
8513
Convert -7cc3 (base 14) to base 8.
-52343
Convert 418 (base 15) to base 16.
39b
1217 (base 9) to base 5
12112
11516 (base 8) to base 16
134e
-2110111012 (base 3) to base 11
-33464
What is 10010201 (base 3) in base 12?
13a7
-6741 (base 13) to base 7
-60015
Convert 1022 (base 7) to base 15.
18e
101011000110 (base 2) to base 3
10210011
Convert -312a (base 12) to base 3.
-21100121
1a02 (base 11) to base 3
10111012
-10112020 (base 3) to base 12
-15a3
What is 333340 (base 6) in base 2?
110110101011100
What is 101010101 (base 2) in base 6?
1325
What is -495a (base 12) in base 8?
-20126
What is -24 (base 12) in base 7?
-40
What is -29a (base 11) in base 6?
-1343
19e (base 15) to base 16
176
Convert 3112 (base 9) to base 15.
a1e
Convert -333 (base 16) to base 2.
-1100110011
3341 (base 7) to base 12
845
Convert 722 (base 9) to base 13.
362
What is 1303113 (base 4) in base 8?
16327
21012112 (base 4) to base 14
d822
Convert -20122121 (base 3) to base 14.
-1aa5
Convert 112303 (base 5) to base 13.
1b19
-400413 (base 5) to base 10
-12608
Convert ca23 (base 14) to base 5.
2104134
196d (base 14) to base 9
6276
What is -1122121 (base 3) in base 4?
-102310
4d4 (base 15) to base 3
1111201
Convert -101010101 (base 2) to base 7.
-665
What is 38bb (base 16) in base 14?
5415
Convert 10442 (base 5) to base 13.
456
2133124 (base 5) to base 6
441424
Convert -1c5c (base 14) to base 5.
-131203
Convert -465 (base 15) to base 10.
-995
-3110110 (base 4) to base 2
-11010100010100
Convert -36676 (base 10) to base 4.
-20331010
What is 15a2 (base 11) in base 3?
2210212
What is 232 (base 13) in base 3?
112001
Convert 22010021 (base 3) to base 16.
1720
What is aa (base 15) in base 10?
160
3213 (base 5) to base 12
301
What is 2123 (base 13) in base 14?
1960
-6577 (bas